 prime factors of 48052?
2, 41, 293
What are the prime factors of 21716?
2, 61, 89
What are the prime factors of 538?
2, 269
What are the prime factors of 4?
2
What are the prime factors of 17450?
2, 5, 349
List the prime factors of 553.
7, 79
What are the prime factors of 3420?
2, 3, 5, 19
List the prime factors of 117775.
5, 7, 673
List the prime factors of 8244.
2, 3, 229
List the prime factors of 17091.
3, 211
What are the prime factors of 768?
2, 3
What are the prime factors of 30961?
7, 4423
What are the prime factors of 90718?
2, 67, 677
What are the prime factors of 1961?
37, 53
List the prime factors of 18068.
2, 4517
What are the prime factors of 810?
2, 3, 5
List the prime factors of 3261.
3, 1087
What are the prime factors of 19736?
2, 2467
What are the prime factors of 1802?
2, 17, 53
What are the prime factors of 3056?
2, 191
What are the prime factors of 5198?
2, 23, 113
List the prime factors of 2556.
2, 3, 71
List the prime factors of 274.
2, 137
What are the prime factors of 6904?
2, 863
List the prime factors of 119417.
119417
What are the prime factors of 1844?
2, 461
What are the prime factors of 5029?
47, 107
List the prime factors of 18674.
2, 9337
List the prime factors of 9420.
2, 3, 5, 157
What are the prime factors of 15768?
2, 3, 73
What are the prime factors of 3416?
2, 7, 61
What are the prime factors of 4634?
2, 7, 331
What are the prime factors of 31133?
163, 191
List the prime factors of 6507.
3, 241
List the prime factors of 15739.
15739
What are the prime factors of 58690?
2, 5, 5869
List the prime factors of 38116.
2, 13, 733
List the prime factors of 1582.
2, 7, 113
List the prime factors of 1997.
1997
List the prime factors of 23567.
23567
List the prime factors of 6792.
2, 3, 283
What are the prime factors of 43680?
2, 3, 5, 7, 13
What are the prime factors of 887?
887
What are the prime factors of 7480?
2, 5, 11, 17
What are the prime factors of 15100?
2, 5, 151
What are the prime factors of 5531?
5531
What are the prime factors of 601?
601
What are the prime factors of 2776?
2, 347
List the prime factors of 72141.
3, 139, 173
What are the prime factors of 54090?
2, 3, 5, 601
List the prime factors of 129480.
2, 3, 5, 13, 83
List the prime factors of 38101.
7, 5443
What are the prime factors of 5030?
2, 5, 503
What are the prime factors of 6081?
3, 2027
List the prime factors of 157001.
13, 929
What are the prime factors of 2977?
13, 229
What are the prime factors of 658?
2, 7, 47
What are the prime factors of 125703?
3, 13967
List the prime factors of 16498.
2, 73, 113
What are the prime factors of 13309?
13309
What are the prime factors of 51771?
3, 17257
What are the prime factors of 80708?
2, 20177
List the prime factors of 1577.
19, 83
What are the prime factors of 5703?
3, 1901
What are the prime factors of 46486?
2, 11, 2113
List the prime factors of 113024.
2, 883
List the prime factors of 904.
2, 113
List the prime factors of 985.
5, 197
List the prime factors of 10889.
10889
List the prime factors of 49558.
2, 71, 349
What are the prime factors of 8470?
2, 5, 7, 11
What are the prime factors of 20663?
20663
List the prime factors of 4840.
2, 5, 11
What are the prime factors of 2115?
3, 5, 47
List the prime factors of 2949.
3, 983
List the prime factors of 3355.
5, 11, 61
What are the prime factors of 26345?
5, 11, 479
List the prime factors of 350.
2, 5, 7
What are the prime factors of 17833?
17, 1049
What are the prime factors of 2259?
3, 251
What are the prime factors of 504?
2, 3, 7
What are the prime factors of 27352?
2, 13, 263
What are the prime factors of 409?
409
List the prime factors of 2066.
2, 1033
What are the prime factors of 3108?
2, 3, 7, 37
What are the prime factors of 2788?
2, 17, 41
List the prime factors of 4811.
17, 283
List the prime factors of 926.
2, 463
List the prime factors of 1177.
11, 107
List the prime factors of 100753.
53, 1901
List the prime factors of 132306.
2, 3, 22051
What are the prime factors of 1136?
2, 71
What are the prime factors of 76707?
3, 947
What are the prime factors of 915?
3, 5, 61
What are the prime factors of 146?
2, 73
What are the prime factors of 20128?
2, 17, 37
List the prime factors of 8655.
3, 5, 577
List the prime factors of 1697.
1697
What are the prime factors of 90558?
2, 3, 13, 43
What are the prime factors of 79895?
5, 19, 29
List the prime factors of 2994.
2, 3, 499
What are the prime factors of 7676?
2, 19, 101
What are the prime factors of 5334?
2, 3, 7, 127
What are the prime factors of 2868?
2, 3, 239
List the prime factors of 208.
2, 13
What are the prime factors of 15638?
2, 7, 1117
List the prime factors of 10978.
2, 11, 499
What are the prime factors of 588?
2, 3, 7
List the prime factors of 35295.
3, 5, 13, 181
What are the prime factors of 10318?
2, 7, 11, 67
List the prime factors of 36494.
2, 71, 257
What are the prime factors of 1750?
2, 5, 7
List the prime factors of 76858.
2, 83, 463
List the prime factors of 457.
457
What are the prime factors of 10783?
41, 263
What are the prime factors of 4190?
2, 5, 419
List the prime factors of 1276.
2, 11, 29
List the prime factors of 3749.
23, 163
List the prime factors of 88.
2, 11
What are the prime factors of 64359?
3, 7151
List the prime factors of 1150.
2, 5, 23
What are the prime factors of 2043?
3, 227
What are the prime factors of 6557?
79, 83
List the prime factors of 14093.
17, 829
List the prime factors of 13171.
13171
What are the prime factors of 4197?
3, 1399
What are the prime factors of 1668?
2, 3, 139
What are the prime factors of 19964?
2, 7, 23, 31
List the prime factors of 215.
5, 43
List the prime factors of 12403.
79, 157
What are the prime factors of 9751?
7, 199
List the prime factors of 2400.
2, 3, 5
What are the prime factors of 853?
853
What are the prime factors of 12601?
12601
What are the prime factors of 1070?
2, 5, 107
What are the prime factors of 2422?
2, 7, 173
List the prime factors of 59410.
2, 5, 13, 457
List the prime factors of 12862.
2, 59, 109
What are the prime factors of 4618?
2, 2309
What are the prime factors of 43641?
3, 13, 373
What are the prime factors of 4275?
3, 5, 19
What are the prime factors of 162918?
2, 3, 7, 431
List the prime factors of 62796.
2, 3, 5233
What are the prime factors of 69728?
2, 2179
What are the prime factors of 8985?
3, 5, 599
List the prime factors of 19117.
7, 2731
List the prime factors of 800.
2, 5
What are the prime factors of 10452?
2, 3, 13, 67
List the prime factors of 104.
2, 13
What are the prime factors of 37527?
3, 7, 1787
List the prime factors of 133.
7, 19
List the prime factors of 6389.
6389
What are the prime factors of 15621?
3, 41, 127
What are the prime factors of 51899?
51899
What are the prime factors of 549?
3, 61
What are the prime factors of 1217?
1217
List the prime factors of 318.
2, 3, 53
What are the prime factors of 126530?
2, 5, 12653
What are the prime factors of 1202?
2, 601
List the prime factors of 117690.
2, 3, 5, 3923
List the prime factors of 2371.
2371
List the prime factors of 350.
2, 5, 7
List the prime factors of 163804.
2, 31, 1321
List the prime factors of 21703.
11, 1973
What are the prime factors of 8201?
59, 139
What are the prime factors of 75968?
2, 1187
List the prime factors of 5162.
2, 29, 89
List the prime factors of 159.
3, 53
What are the prime factors of 24165?
3, 5, 179
List the prime factors of 7656.
2, 3, 11, 29
What are the prime factors of 2612?
2, 653
What are the prime factors of 22358?
2, 7, 1597
List the prime factors of 4770.
2, 3, 5, 53
What are the prime factors of 4677?
3, 1559
List the prime factors of 31334.
2, 15667
List the prime factors of 154716.
2, 3, 12893
What are the prime factors of 6870?
2, 3, 5, 229
What are the prime factors of 15111?
3, 23, 73
What are the prime factors of 804?
2, 3, 67
What are the prime factors of 4507?
4507
What are the prime factors of 10835?
5, 11, 197
What are the prime factors of 16129?
127
List the prime factors of 13389.
3, 4463
List the prime factors of 2230.
2, 5, 223
What are the prime factors of 11376?
2, 3, 79
What are the prime factors of 431?
431
What are the prime factors of 744?
2, 3, 31
What are the prime factors of 39792?
2, 3, 829
What are the prime factors of 8493?
3, 19, 